t is the units digit of 616?
6
What is the tens digit of 1247?
4
What is the ten thousands digit of 18822?
1
What is the hundreds digit of 1666?
6
What is the hundreds digit of 12513?
5
What is the units digit of 5416?
6
What is the units digit of 1487?
7
What is the thousands digit of 7064?
7
What is the ten thousands digit of 65009?
6
What is the thousands digit of 1466?
1
What is the ten thousands digit of 51423?
5
What is the tens digit of 94274?
7
What is the units digit of 10886?
6
What is the tens digit of 2858?
5
What is the hundreds digit of 16451?
4
What is the hundreds digit of 74761?
7
What is the tens digit of 471?
7
What is the hundreds digit of 19429?
4
What is the units digit of 890?
0
What is the thousands digit of 8539?
8
What is the tens digit of 1200?
0
What is the units digit of 2398?
8
What is the thousands digit of 20293?
0
What is the units digit of 50574?
4
What is the thousands digit of 1736?
1
What is the tens digit of 22384?
8
What is the hundreds digit of 2020?
0
What is the hundreds digit of 1847?
8
What is the hundred thousands digit of 134632?
1
What is the units digit of 5895?
5
What is the tens digit of 975?
7
What is the tens digit of 1270?
7
What is the tens digit of 6424?
2
What is the tens digit of 4107?
0
What is the units digit of 55?
5
What is the units digit of 6831?
1
What is the ten thousands digit of 30769?
3
What is the thousands digit of 33673?
3
What is the units digit of 9361?
1
What is the thousands digit of 14285?
4
What is the units digit of 1622?
2
What is the tens digit of 5280?
8
What is the units digit of 1461?
1
What is the ten thousands digit of 34036?
3
What is the units digit of 878?
8
What is the units digit of 832?
2
What is the thousands digit of 5080?
5
What is the hundreds digit of 375?
3
What is the tens digit of 23198?
9
What is the thousands digit of 1995?
1
What is the tens digit of 11271?
7
What is the units digit of 134?
4
What is the hundreds digit of 981?
9
What is the hundreds digit of 13856?
8
What is the units digit of 613?
3
What is the tens digit of 345?
4
What is the tens digit of 1015?
1
What is the tens digit of 523?
2
What is the thousands digit of 17012?
7
What is the thousands digit of 3417?
3
What is the hundreds digit of 8400?
4
What is the hundreds digit of 619?
6
What is the hundreds digit of 129823?
8
What is the tens digit of 231?
3
What is the thousands digit of 11739?
1
What is the hundreds digit of 731?
7
What is the tens digit of 852?
5
What is the hundreds digit of 1809?
8
What is the units digit of 7106?
6
What is the ten thousands digit of 16842?
1
What is the hundreds digit of 19907?
9
What is the tens digit of 63764?
6
What is the units digit of 2332?
2
What is the tens digit of 22574?
7
What is the tens digit of 6381?
8
What is the thousands digit of 57221?
7
What is the tens digit of 25382?
8
What is the hundreds digit of 2532?
5
What is the tens digit of 501?
0
What is the hundreds digit of 9948?
9
What is the hundreds digit of 5489?
4
What is the units digit of 9253?
3
What is the ten thousands digit of 12468?
1
What is the hundreds digit of 237?
2
What is the thousands digit of 2431?
2
What is the hundreds digit of 3664?
6
What is the thousands digit of 4918?
4
What is the tens digit of 571?
7
What is the hundreds digit of 2515?
5
What is the hundreds digit of 7433?
4
What is the tens digit of 30893?
9
What is the thousands digit of 2356?
2
What is the tens digit of 2539?
3
What is the units digit of 9066?
6
What is the tens digit of 28003?
0
What is the tens digit of 10484?
8
What is the tens digit of 7767?
6
What is the units digit of 28241?
1
What is the tens digit of 18320?
2
What is the tens digit of 69891?
9
What is the tens digit of 122545?
4
What is the tens digit of 69058?
5
What is the units digit of 2035?
5
What is the units digit of 1873?
3
What is the tens digit of 145136?
3
What is the tens digit of 207030?
3
What is the tens digit of 1737?
3
What is the units digit of 4335?
5
What is the hundreds digit of 440?
4
What is the tens digit of 49610?
1
What is the units digit of 6341?
1
What is the tens digit of 71079?
7
What is the tens digit of 32705?
0
What is the units digit of 1917?
7
What is the units digit of 217?
7
What is the thousands digit of 87131?
7
What is the hundreds digit of 1210?
2
What is the thousands digit of 4757?
4
What is the hundreds digit of 11065?
0
What is the hundreds digit of 12447?
4
What is the hundreds digit of 731?
7
What is the units digit of 148?
8
What is the thousands digit of 2773?
2
What is the tens digit of 1219?
1
What is the hundreds digit of 37045?
0
What is the thousands digit of 2516?
2
What is the hundreds digit of 718?
7
What is the thousands digit of 18978?
8
What is the ten thousands digit of 21480?
2
What is the tens digit of 2124?
2
What is the tens digit of 539?
3
What is the hundreds digit of 13885?
8
What is the tens digit of 31857?
5
What is the thousands digit of 2416?
2
What is the tens digit of 1328?
2
What is the hundreds digit of 39501?
5
What is the hundreds digit of 3272?
2
What is the hundreds digit of 5027?
0
What is the units digit of 2599?
9
What is the thousands digit of 42682?
2
What is the hundreds digit of 874?
8
What is the units digit of 266?
6
What is the tens digit of 998?
9
What is the units digit of 23272?
2
What is the tens digit of 3101?
0
What is the units digit of 13180?
0
What is the thousands digit of 20237?
0
What is the hundreds digit of 41109?
1
What is the tens digit of 15350?
5
What is the hundreds digit of 40654?
6
What is the hundreds digit of 1321?
3
What is the units digit of 278?
8
What is the tens digit of 777?
7
What is the hundreds digit of 25618?
6
What is the units digit of 112958?
8
What is the thousands digit of 16789?
6
What is the tens digit of 2146?
4
What is the units digit of 2493?
3
What is the thousands digit of 25358?
5
What is the tens digit of 2799?
9
What is the thousands digit of 8133?
8
What is the hundreds digit of 284?
2
What is the tens digit of 4432?
3
What is the tens digit of 1500?
0
What is the units digit of 2784?
4
What is the tens digit of 17694?
9
What is the units digit of 1121?
1
What is the units digit of 35156?
6
What is the thousands digit of 14216?
4
What is the ten thousands digit of 107242?
0
What is the tens digit of 30284?
8
What is the ten thousands digit of 53370?
5
What is the thousands digit of 1626?
1
What is the units digit of 10087?
7
What is the hundreds digit of 10943?
9
What is the hundreds digit of 6433?
4
What is the ten thousands digit of 17708?
1
What is the tens digit of 67061?
6
What is the tens digit of 11789?
8
What is the tens digit of 14402?
0
What is the units digit of 2199?
9
What is the tens digit of 51619?
1
What is the hundreds digit of 68892?
8
What is the hundreds digit of 695?
6
What is the thousands digit of 3448?
3
What is the units digit of 4052?
2
What is the hundreds digit of 5667?
6
What is the hundreds digit of 10662?
6
What is the hundreds digit of 5201?
2
What is the units digit of 122522?
2
What is the tens digit of 62447?
4
What is the ten thousands digit of 24451?
2
What is the units digit of 2199?
9
What is the hundreds digit of 3932?
9
What is the hundreds digit of 6518?
5
What is the thousands digit of 2723?
2
What is the units digit of 64?
4
What is the units digit of 66333?
3
What is the units digit of 374?
4
What is the units digit of 13607?
7
What is the hundred thousands digit of 145728?
1
What is the hundreds digit of 479?
4
What is the units digit of 5333?
3
What is the ten thousands digit of 28907?
2
What is the hundreds digit of 225?
2
What is the units digit of 51165?
5
What is the tens digit of 9605?
0
What is the units digit of 1031?
1
What is the hundreds digit of 1982?
9
What is the tens digit of 1140?
4
What is the tens digit of 122368?
6
What is the ten thousands digit of 16472?
1
What is the units digit of 3348?
8
What is the tens digit of 494?
9
What is the ten thousands digit of 32220?
3
What is the tens digit of 1692?
9
What is the thousands digit of 29427?
9
What is the thousands digit of 6598?
6
What is the hundreds digit of 2666?
6
What is the hundreds digit of 9971?
9
What is the thousands digit of 1887?
1
What is the thousands di